{"id":6940,"date":"2026-05-12T09:56:34","date_gmt":"2026-05-12T07:56:34","guid":{"rendered":"https:\/\/rosabelle-lingerie.ch\/?post_type=product&#038;p=6940"},"modified":"2026-05-12T09:56:34","modified_gmt":"2026-05-12T07:56:34","slug":"anita-lucia-pour-prothese","status":"publish","type":"product","link":"https:\/\/rosabelle-lingerie.ch\/?product=anita-lucia-pour-prothese","title":{"rendered":"Anita, Lucia pour proth\u00e8se"},"content":{"rendered":"<p>R\u00e9hauss\u00e9e avec finesse d&rsquo;un joli noeud de satin, la broderie florale graphique ornant le d\u00e9collet\u00e9 du soutien-gorge sp\u00e9cial f\u00e9minin Lucia flatte le regard. R\u00e9alis\u00e9s en quatre parties avec des coutures transversales et des renforts lat\u00e9raux, les bonnets du soutien-gorge garantissent un maintien s\u00fbr et confortable. Les poches pour proth\u00e8se en coton souple sont douces sur la peau.<\/p>\n","protected":false},"excerpt":{"rendered":"<p>Tailles disponibles:<br \/>\n75 \u00e0 110 \u2013 Bonnets B \u00e0 D<br \/>\n75 \u00e0 100 &#8211; Bonnets E &amp; F<\/p>\n<p>Couleurs disponibles: noir \u2013 bleu nuit \u2013 crystal<\/p>\n","protected":false},"featured_media":6941,"comment_status":"open","ping_status":"closed","template":"","meta":[],"product_brand":[],"product_cat":[42,185,21],"product_tag":[329],"class_list":{"0":"post-6940","1":"product","2":"type-product","3":"status-publish","4":"has-post-thumbnail","6":"product_cat-medical","7":"product_cat-mode-fashion","8":"product_cat-prothese-de-sein","9":"product_tag-329","10":"latest_post","12":"first","13":"instock","14":"shipping-taxable","15":"purchasable","16":"product-type-simple"},"_links":{"self":[{"href":"https:\/\/rosabelle-lingerie.ch\/index.php?rest_route=\/wp\/v2\/product\/6940","targetHints":{"allow":["GET"]}}],"collection":[{"href":"https:\/\/rosabelle-lingerie.ch\/index.php?rest_route=\/wp\/v2\/product"}],"about":[{"href":"https:\/\/rosabelle-lingerie.ch\/index.php?rest_route=\/wp\/v2\/types\/product"}],"replies":[{"embeddable":true,"href":"https:\/\/rosabelle-lingerie.ch\/index.php?rest_route=%2Fwp%2Fv2%2Fcomments&post=6940"}],"wp:featuredmedia":[{"embeddable":true,"href":"https:\/\/rosabelle-lingerie.ch\/index.php?rest_route=\/wp\/v2\/media\/6941"}],"wp:attachment":[{"href":"https:\/\/rosabelle-lingerie.ch\/index.php?rest_route=%2Fwp%2Fv2%2Fmedia&parent=6940"}],"wp:term":[{"taxonomy":"product_brand","embeddable":true,"href":"https:\/\/rosabelle-lingerie.ch\/index.php?rest_route=%2Fwp%2Fv2%2Fproduct_brand&post=6940"},{"taxonomy":"product_cat","embeddable":true,"href":"https:\/\/rosabelle-lingerie.ch\/index.php?rest_route=%2Fwp%2Fv2%2Fproduct_cat&post=6940"},{"taxonomy":"product_tag","embeddable":true,"href":"https:\/\/rosabelle-lingerie.ch\/index.php?rest_route=%2Fwp%2Fv2%2Fproduct_tag&post=6940"}],"curies":[{"name":"wp","href":"https:\/\/api.w.org\/{rel}","templated":true}]}}