{"id":6926,"date":"2026-05-12T09:33:23","date_gmt":"2026-05-12T07:33:23","guid":{"rendered":"https:\/\/rosabelle-lingerie.ch\/?post_type=product&#038;p=6926"},"modified":"2026-05-12T09:57:02","modified_gmt":"2026-05-12T07:57:02","slug":"anita-lucia-sans-armatures","status":"publish","type":"product","link":"https:\/\/rosabelle-lingerie.ch\/?product=anita-lucia-sans-armatures","title":{"rendered":"Anita, Lucia sans armatures"},"content":{"rendered":"<p>Fleur noble : La broderie de p\u00e9tales d&rsquo;inspiration graphique accentue parfaitement le d\u00e9collet\u00e9. Le soutien-gorge confort Lucia inspire par ses contrastes excitants, ses d\u00e9tails f\u00e9minins et son ajustement parfait. Les bretelles souples, qui s&rsquo;\u00e9largissent avec la taille, promettent un confort particulier.<\/p>\n","protected":false},"excerpt":{"rendered":"<p>Tailles disponibles:<br \/>\n75 \u00e0 110 &#8211; Bonnets B \u00e0 F<\/p>\n<p>Couleurs disponibles: noir &#8211; bleu nuit &#8211; crystal &#8211; rose pourdr\u00e9<\/p>\n","protected":false},"featured_media":6935,"comment_status":"open","ping_status":"closed","template":"","meta":[],"product_brand":[],"product_cat":[41,185],"product_tag":[587],"class_list":{"0":"post-6926","1":"product","2":"type-product","3":"status-publish","4":"has-post-thumbnail","6":"product_cat-lingerie","7":"product_cat-mode-fashion","8":"product_tag-587","9":"latest_post","11":"first","12":"instock","13":"shipping-taxable","14":"purchasable","15":"product-type-simple"},"_links":{"self":[{"href":"https:\/\/rosabelle-lingerie.ch\/index.php?rest_route=\/wp\/v2\/product\/6926","targetHints":{"allow":["GET"]}}],"collection":[{"href":"https:\/\/rosabelle-lingerie.ch\/index.php?rest_route=\/wp\/v2\/product"}],"about":[{"href":"https:\/\/rosabelle-lingerie.ch\/index.php?rest_route=\/wp\/v2\/types\/product"}],"replies":[{"embeddable":true,"href":"https:\/\/rosabelle-lingerie.ch\/index.php?rest_route=%2Fwp%2Fv2%2Fcomments&post=6926"}],"wp:featuredmedia":[{"embeddable":true,"href":"https:\/\/rosabelle-lingerie.ch\/index.php?rest_route=\/wp\/v2\/media\/6935"}],"wp:attachment":[{"href":"https:\/\/rosabelle-lingerie.ch\/index.php?rest_route=%2Fwp%2Fv2%2Fmedia&parent=6926"}],"wp:term":[{"taxonomy":"product_brand","embeddable":true,"href":"https:\/\/rosabelle-lingerie.ch\/index.php?rest_route=%2Fwp%2Fv2%2Fproduct_brand&post=6926"},{"taxonomy":"product_cat","embeddable":true,"href":"https:\/\/rosabelle-lingerie.ch\/index.php?rest_route=%2Fwp%2Fv2%2Fproduct_cat&post=6926"},{"taxonomy":"product_tag","embeddable":true,"href":"https:\/\/rosabelle-lingerie.ch\/index.php?rest_route=%2Fwp%2Fv2%2Fproduct_tag&post=6926"}],"curies":[{"name":"wp","href":"https:\/\/api.w.org\/{rel}","templated":true}]}}