{"id":6878,"date":"2026-05-11T15:27:54","date_gmt":"2026-05-11T13:27:54","guid":{"rendered":"https:\/\/rosabelle-lingerie.ch\/?post_type=product&#038;p=6878"},"modified":"2026-05-12T09:59:09","modified_gmt":"2026-05-12T07:59:09","slug":"rosa-faia-selma","status":"publish","type":"product","link":"https:\/\/rosabelle-lingerie.ch\/?product=rosa-faia-selma","title":{"rendered":"Rosa Faia, Selma sans armatures"},"content":{"rendered":"<p>F\u00e9minin et d\u00e9contract\u00e9 : Ce soutien-gorge d&rsquo;all\u00e8gement en forme de triangle avec bonnets spacer a\u00e9r\u00e9s fait preuve d&rsquo;un style d\u00e9licat propre \u00e0 la lingerie agr\u00e9ment\u00e9 d&rsquo;une sensation d\u00e9contract\u00e9e. Des lignes nettes et finement incurv\u00e9es encadrent un d\u00e9collet\u00e9 profond et les bretelles comportent une d\u00e9licate bordure en dentelle. Avec sa coque spacer respirante et pr\u00e9form\u00e9e sans armatures, on le sent \u00e0 peine tandis qu&rsquo;il mod\u00e8le un d\u00e9collet\u00e9 extra profond jusqu&rsquo;au bonnet G.<\/p>\n<p>&nbsp;<\/p>\n<p>&nbsp;<\/p>\n","protected":false},"excerpt":{"rendered":"<p>Tailles disponibles:<br \/>\n70 \u00e0 95 &#8211; bonnet B \u00e0 E<br \/>\n70 \u00e0 85\/90 &#8211; bonnet E \u00e0 G<\/p>\n<p>Couleurs disponibles: noir &#8211; blanc &#8211; bois de rose &#8211; crystal &#8211; peau<\/p>\n","protected":false},"featured_media":6881,"comment_status":"open","ping_status":"closed","template":"","meta":[],"product_brand":[],"product_cat":[18,185],"product_tag":[65],"class_list":{"0":"post-6878","1":"product","2":"type-product","3":"status-publish","4":"has-post-thumbnail","6":"product_cat-lingerie-fine","7":"product_cat-mode-fashion","8":"product_tag-65","9":"latest_post","11":"first","12":"instock","13":"shipping-taxable","14":"purchasable","15":"product-type-simple"},"_links":{"self":[{"href":"https:\/\/rosabelle-lingerie.ch\/index.php?rest_route=\/wp\/v2\/product\/6878","targetHints":{"allow":["GET"]}}],"collection":[{"href":"https:\/\/rosabelle-lingerie.ch\/index.php?rest_route=\/wp\/v2\/product"}],"about":[{"href":"https:\/\/rosabelle-lingerie.ch\/index.php?rest_route=\/wp\/v2\/types\/product"}],"replies":[{"embeddable":true,"href":"https:\/\/rosabelle-lingerie.ch\/index.php?rest_route=%2Fwp%2Fv2%2Fcomments&post=6878"}],"wp:featuredmedia":[{"embeddable":true,"href":"https:\/\/rosabelle-lingerie.ch\/index.php?rest_route=\/wp\/v2\/media\/6881"}],"wp:attachment":[{"href":"https:\/\/rosabelle-lingerie.ch\/index.php?rest_route=%2Fwp%2Fv2%2Fmedia&parent=6878"}],"wp:term":[{"taxonomy":"product_brand","embeddable":true,"href":"https:\/\/rosabelle-lingerie.ch\/index.php?rest_route=%2Fwp%2Fv2%2Fproduct_brand&post=6878"},{"taxonomy":"product_cat","embeddable":true,"href":"https:\/\/rosabelle-lingerie.ch\/index.php?rest_route=%2Fwp%2Fv2%2Fproduct_cat&post=6878"},{"taxonomy":"product_tag","embeddable":true,"href":"https:\/\/rosabelle-lingerie.ch\/index.php?rest_route=%2Fwp%2Fv2%2Fproduct_tag&post=6878"}],"curies":[{"name":"wp","href":"https:\/\/api.w.org\/{rel}","templated":true}]}}