{"id":6689,"date":"2026-04-22T15:33:00","date_gmt":"2026-04-22T13:33:00","guid":{"rendered":"https:\/\/dev.rosabelle-lingerie.ch\/?page_id=6689"},"modified":"2026-04-22T15:33:17","modified_gmt":"2026-04-22T13:33:17","slug":"my-account","status":"publish","type":"page","link":"https:\/\/rosabelle-lingerie.ch\/?page_id=6689","title":{"rendered":"My account"},"content":{"rendered":"<h2>My Account<\/h2>\n<nav aria-label=\"Pages du compte\">\n<ul>\n<li>\n\t\t\t\t<a href=\"\" ><br \/>\n\t\t\t\t\tDashboard\t\t\t\t<\/a>\n\t\t\t<\/li>\n<li>\n\t\t\t\t<a href=\"\/index.php?rest_route=%2Felementor%2Fv1%2Fimport-export-customization%2Fimport-runner&#038;orders\" ><br \/>\n\t\t\t\t\tOrders\t\t\t\t<\/a>\n\t\t\t<\/li>\n<li>\n\t\t\t\t<a href=\"\/index.php?rest_route=%2Felementor%2Fv1%2Fimport-export-customization%2Fimport-runner&#038;downloads\" ><br \/>\n\t\t\t\t\tDownloads\t\t\t\t<\/a>\n\t\t\t<\/li>\n<li>\n\t\t\t\t<a href=\"\/index.php?rest_route=%2Felementor%2Fv1%2Fimport-export-customization%2Fimport-runner&#038;edit-address\" ><br \/>\n\t\t\t\t\tAddresses\t\t\t\t<\/a>\n\t\t\t<\/li>\n<li>\n\t\t\t\t<a href=\"\/index.php?rest_route=%2Felementor%2Fv1%2Fimport-export-customization%2Fimport-runner&#038;payment-methods\" ><br \/>\n\t\t\t\t\tMoyens de paiement\t\t\t\t<\/a>\n\t\t\t<\/li>\n<li>\n\t\t\t\t<a href=\"\/index.php?rest_route=%2Felementor%2Fv1%2Fimport-export-customization%2Fimport-runner&#038;edit-account\" ><br \/>\n\t\t\t\t\tAccount Details\t\t\t\t<\/a>\n\t\t\t<\/li>\n<li>\n\t\t\t\t<a href=\"\/index.php?rest_route=%2Felementor%2Fv1%2Fimport-export-customization%2Fimport-runner&#038;customer-logout&#038;_wpnonce=2720024b01\" ><br \/>\n\t\t\t\t\tLogout\t\t\t\t<\/a>\n\t\t\t<\/li>\n<\/ul>\n<\/nav>\n<p>\n\tBonjour <strong>Arsene Garcia<\/strong> (vous n\u2019\u00eates pas <strong>Arsene Garcia<\/strong>\u00a0? <a href=\"https:\/\/rosabelle-lingerie.ch\/wp-login.php?action=logout&#038;redirect_to=%3Felementor_wc_logout%3Dtrue%26elementor_my_account_redirect%3D&#038;_wpnonce=e855d6f748\">D\u00e9connexion<\/a>)<\/p>\n<p>\n\t\u00c0 partir du tableau de bord de votre compte, vous pouvez visualiser vos <a href=\"\/index.php?rest_route=%2Felementor%2Fv1%2Fimport-export-customization%2Fimport-runner&#038;orders\">commandes r\u00e9centes<\/a>, g\u00e9rer vos <a href=\"\/index.php?rest_route=%2Felementor%2Fv1%2Fimport-export-customization%2Fimport-runner&#038;edit-address\">adresses de livraison et de facturation<\/a> ainsi que <a href=\"\/index.php?rest_route=%2Felementor%2Fv1%2Fimport-export-customization%2Fimport-runner&#038;edit-account\">changer votre mot de passe et les d\u00e9tails de votre compte<\/a>.<\/p>\n","protected":false},"excerpt":{"rendered":"<p>My Account Dashboard Orders Downloads Addresses Moyens de paiement Account Details Logout Bonjour Arsene Garcia (vous n\u2019\u00eates pas Arsene Garcia\u00a0? D\u00e9connexion) \u00c0 partir du tableau de bord de votre compte, vous pouvez visualiser vos commandes r\u00e9centes, g\u00e9rer vos adresses de livraison et de facturation ainsi que changer votre mot de passe et les d\u00e9tails de &hellip; <\/p>\n","protected":false},"author":1934,"featured_media":6692,"parent":0,"menu_order":0,"comment_status":"closed","ping_status":"closed","template":"elementor_header_footer","meta":{"footnotes":""},"class_list":["post-6689","page","type-page","status-publish","has-post-thumbnail","hentry","latest_post"],"_links":{"self":[{"href":"https:\/\/rosabelle-lingerie.ch\/index.php?rest_route=\/wp\/v2\/pages\/6689","targetHints":{"allow":["GET"]}}],"collection":[{"href":"https:\/\/rosabelle-lingerie.ch\/index.php?rest_route=\/wp\/v2\/pages"}],"about":[{"href":"https:\/\/rosabelle-lingerie.ch\/index.php?rest_route=\/wp\/v2\/types\/page"}],"author":[{"embeddable":true,"href":"https:\/\/rosabelle-lingerie.ch\/index.php?rest_route=\/wp\/v2\/users\/1934"}],"replies":[{"embeddable":true,"href":"https:\/\/rosabelle-lingerie.ch\/index.php?rest_route=%2Fwp%2Fv2%2Fcomments&post=6689"}],"version-history":[{"count":4,"href":"https:\/\/rosabelle-lingerie.ch\/index.php?rest_route=\/wp\/v2\/pages\/6689\/revisions"}],"predecessor-version":[{"id":6792,"href":"https:\/\/rosabelle-lingerie.ch\/index.php?rest_route=\/wp\/v2\/pages\/6689\/revisions\/6792"}],"wp:featuredmedia":[{"embeddable":true,"href":"https:\/\/rosabelle-lingerie.ch\/index.php?rest_route=\/wp\/v2\/media\/6692"}],"wp:attachment":[{"href":"https:\/\/rosabelle-lingerie.ch\/index.php?rest_route=%2Fwp%2Fv2%2Fmedia&parent=6689"}],"curies":[{"name":"wp","href":"https:\/\/api.w.org\/{rel}","templated":true}]}}